{"id":379,"date":"2024-01-24T22:47:04","date_gmt":"2024-01-24T22:47:04","guid":{"rendered":"https:\/\/massloi.org\/?page_id=379"},"modified":"2024-02-05T20:52:34","modified_gmt":"2024-02-05T20:52:34","slug":"espanola-portugues","status":"publish","type":"page","link":"https:\/\/massloi.org\/?page_id=379","title":{"rendered":"Espa\u00f1ol \/ Portugu\u00eas"},"content":{"rendered":"\n<div class=\"wp-block-columns is-layout-flex wp-container-core-columns-is-layout-9d6595d7 wp-block-columns-is-layout-flex\">\n<div class=\"wp-block-column is-vertically-aligned-center is-layout-flow wp-block-column-is-layout-flow\">\n<p class=\"has-text-align-center\"><strong><span style=\"text-decoration: underline;\">PRIMER GRADO\/PRIMEIRO GRAU<\/span><\/strong><br><br>Portugu\u00eas<br><a href=\"https:\/\/massloi.org\/wp-content\/uploads\/2023\/07\/Portuguese-Manual-of-Instruction-First-Degree.pdf\" target=\"_blank\" rel=\"noreferrer noopener\">Manual para Lojas de Instru\u00e7\u00f5es<\/a><br>Espa\u00f1ol<br><a href=\"https:\/\/massloi.org\/wp-content\/uploads\/2024\/01\/Manual-de-Instruccion-Primer-Grado-1-compressed.pdf\">Manual-de-Instruccion-Primer-Grado-1<\/a><br><br><strong><span style=\"text-decoration: underline;\">SEGUNDO GRADO\/SEGUNDO GRAU<\/span><\/strong><br><br>Portugu\u00eas<br><a href=\"https:\/\/massloi.org\/wp-content\/uploads\/2023\/09\/Portuguese-Manual-of-Instruction-Second-Degree.pdf\">Manual para Lojas de Instru\u00e7\u00f5es<\/a><br>Espa\u00f1ol<br><a href=\"https:\/\/massloi.org\/wp-content\/uploads\/2024\/01\/Manual-de-Instruccion-Segundo-Grado-2.pdf\" data-type=\"link\" data-id=\"https:\/\/massloi.org\/wp-content\/uploads\/2024\/01\/Manual-de-Instruccion-Segundo-Grado-2.pdf\">Manual-de-Instruccion-Segundo-Grado-2<\/a><br><br><strong><span style=\"text-decoration: underline;\">TERCER GRADO\/TERCERIRO GRAU<\/span><\/strong><br><br>Portugu\u00eas<br><a href=\"https:\/\/massloi.org\/wp-content\/uploads\/2023\/11\/Portuguese-Manual-of-Instruction-Third-Degree.pdf\" data-type=\"link\" data-id=\"https:\/\/massloi.org\/wp-content\/uploads\/2023\/11\/Portuguese-Manual-of-Instruction-Third-Degree.pdf\">Manual para Lojas de\u00a0Instru\u00e7\u00f5es<\/a><br>Espa\u00f1ol<br><a href=\"https:\/\/massloi.org\/wp-content\/uploads\/2024\/01\/Manual-de-Instruccion-Tercer-Grado-3.pdf\">Manual-de-Instruccion-Tercer-Grado-3<\/a><\/p>\n\n\n\n<p><\/p>\n\n\n\n<p><\/p>\n<\/div>\n<\/div>\n","protected":false},"excerpt":{"rendered":"<p>PRIMER GRADO\/PRIMEIRO GRAU Portugu\u00easManual para Lojas de Instru\u00e7\u00f5esEspa\u00f1olManual-de-Instruccion-Primer-Grado-1 SEGUNDO GRADO\/SEGUNDO GRAU Portugu\u00easManual para Lojas de Instru\u00e7\u00f5esEspa\u00f1olManual-de-Instruccion-Segundo-Grado-2 TERCER GRADO\/TERCERIRO GRAU Portugu\u00easManual para Lojas de\u00a0Instru\u00e7\u00f5esEspa\u00f1olManual-de-Instruccion-Tercer-Grado-3<\/p>\n","protected":false},"author":1,"featured_media":0,"parent":0,"menu_order":1,"comment_status":"closed","ping_status":"closed","template":"templates\/template-full-width.php","meta":{"footnotes":""},"class_list":["post-379","page","type-page","status-publish","hentry"],"_links":{"self":[{"href":"https:\/\/massloi.org\/index.php?rest_route=\/wp\/v2\/pages\/379","targetHints":{"allow":["GET"]}}],"collection":[{"href":"https:\/\/massloi.org\/index.php?rest_route=\/wp\/v2\/pages"}],"about":[{"href":"https:\/\/massloi.org\/index.php?rest_route=\/wp\/v2\/types\/page"}],"author":[{"embeddable":true,"href":"https:\/\/massloi.org\/index.php?rest_route=\/wp\/v2\/users\/1"}],"replies":[{"embeddable":true,"href":"https:\/\/massloi.org\/index.php?rest_route=%2Fwp%2Fv2%2Fcomments&post=379"}],"version-history":[{"count":15,"href":"https:\/\/massloi.org\/index.php?rest_route=\/wp\/v2\/pages\/379\/revisions"}],"predecessor-version":[{"id":407,"href":"https:\/\/massloi.org\/index.php?rest_route=\/wp\/v2\/pages\/379\/revisions\/407"}],"wp:attachment":[{"href":"https:\/\/massloi.org\/index.php?rest_route=%2Fwp%2Fv2%2Fmedia&parent=379"}],"curies":[{"name":"wp","href":"https:\/\/api.w.org\/{rel}","templated":true}]}}